{"id":71,"date":"2018-04-25T20:21:49","date_gmt":"2018-04-25T20:21:49","guid":{"rendered":"http:\/\/www.3d-masters.cz\/?page_id=71"},"modified":"2019-12-28T15:00:57","modified_gmt":"2019-12-28T15:00:57","slug":"vr-2","status":"publish","type":"page","link":"https:\/\/www.3d-masters.cz\/index.php\/vr-2\/","title":{"rendered":"Virtu\u00e1ln\u00ed realita"},"content":{"rendered":"<h1 style=\"text-align: center;\">Vyv\u00edj\u00edme aplikace do VR<\/h1>\n<hr>\n<p style=\"text-align: center;\">Vyv\u00edj\u00edme interaktivn\u00ed simulace ve VR pro podporu v\u00fdroby a prodeje v\u00fdrobk\u016f.<\/p>\n<p style=\"text-align: center;\">M\u00e1me dlouholetou zku\u0161enost na poli VR a 3D<\/p>\n<p style=\"text-align: center;\">Ve VR jsme schopn\u00e9 prov\u00e9st ve\u0161ker\u00e9 simulace<\/p>\n<p style=\"text-align: center;\">Za\u0159izujeme VR laborato\u0159e a prov\u00e1d\u00edme \u0161kolen\u00ed pro tvorbu sc\u00e9n\u00e1\u0159\u016f<\/p>\n<p style=\"text-align: center;\">Pro na\u0161e simulace vyu\u017e\u00edv\u00e1me nejmodern\u011bj\u0161\u00ed&nbsp; HW a SW<\/p>\n<p><iframe loading=\"lazy\" title=\"3D-MASTERS: Car Configurator VR\" width=\"640\" height=\"360\" src=\"https:\/\/www.youtube.com\/embed\/Cwgtd_G1PfE?feature=oembed\" frameborder=\"0\" allow=\"accelerometer; autoplay; encrypted-media; gyroscope; picture-in-picture\" allowfullscreen><\/iframe><\/p>\n<p style=\"text-align: center;\"><em>Uk\u00e1zka z aplikace Car Configurator VR<\/em><\/p>\n<hr>\n<h2 style=\"text-align: center;\">Hardware<\/h2>\n<p style=\"text-align: center;\"><span style=\"font-weight: 400;\">Za pomoci HMD HTC&nbsp; jsme schopni V\u00e1s p\u0159en\u00e9st do virtu\u00e1ln\u00edho prost\u0159ed\u00ed, ve kter\u00e9m se m\u016f\u017eete svobodn\u011b pohybovat.<\/span><\/p>\n<p style=\"text-align: center;\">Disponujeme nejmodern\u011bj\u0161\u00edm HMD v bezdr\u00e1tov\u00e9 verzi<\/p>\n<p style=\"text-align: center;\">Pro interakci ve VR vyu\u017e\u00edv\u00e1me syst\u00e9m controler\u016f, ale jsme schopni vytvo\u0159it interakci pomoc\u00ed videodetekce rukou.<\/p>\n<p style=\"text-align: center;\"><span style=\"font-weight: 400;\">Po dohod\u011b jsme schopni ve\u0161ker\u00fd pot\u0159ebn\u00fd hardware dov\u00e9st a\u017e k V\u00e1m<\/span><\/p>\n<p><img loading=\"lazy\" class=\"wp-image-151 aligncenter\" src=\"http:\/\/www.3d-masters.cz\/wp-content\/uploads\/2018\/05\/71oPa3WRXXL._SX522_.jpg\" alt=\"\" width=\"624\" height=\"404\" srcset=\"https:\/\/www.3d-masters.cz\/wp-content\/uploads\/2018\/05\/71oPa3WRXXL._SX522_.jpg 522w, https:\/\/www.3d-masters.cz\/wp-content\/uploads\/2018\/05\/71oPa3WRXXL._SX522_-300x194.jpg 300w\" sizes=\"(max-width: 624px) 100vw, 624px\" \/><\/p>\n<hr>\n<h2 style=\"text-align: center;\">Software<\/h2>\n<p style=\"text-align: center;\"><span style=\"font-weight: 400;\">Vyu\u017e\u00edv\u00e1me nejmodern\u011bj\u0161\u00edch softwar\u016f pro tvorbu interaktivn\u00edch simulac\u00ed, kter\u00e9 jsou vyu\u017e\u00edv\u00e1ny pro tvorbu sou\u010dasn\u00fdch her.<\/span><\/p>\n<p style=\"text-align: center;\"><span style=\"font-weight: 400;\">Jsme schopni vytv\u00e1\u0159et interaktivn\u00ed simulace na z\u00e1klad\u011b Va\u0161ich po\u017eadavk\u016f.<\/span><\/p>\n<p style=\"text-align: center;\"><span style=\"font-weight: 400;\">Pro tvorbu realistick\u00e9ho virtu\u00e1ln\u00edho prost\u0159ed\u00ed jsme schopni vyu\u017e\u00edt 3D fotogrammetrii a 3D scenov\u00e1n\u00ed.<\/span><\/p>\n","protected":false},"excerpt":{"rendered":"<p>Vyv\u00edj\u00edme aplikace do VR Vyv\u00edj\u00edme interaktivn\u00ed simulace ve VR pro podporu v\u00fdroby a prodeje v\u00fdrobk\u016f. M\u00e1me dlouholetou zku\u0161enost na poli VR a 3D Ve VR jsme schopn\u00e9 prov\u00e9st ve\u0161ker\u00e9 simulace Za\u0159izujeme VR laborato\u0159e a prov\u00e1d\u00edme \u0161kolen\u00ed pro tvorbu sc\u00e9n\u00e1\u0159\u016f Pro na\u0161e simulace vyu\u017e\u00edv\u00e1me nejmodern\u011bj\u0161\u00ed&nbsp; HW a SW Uk\u00e1zka z aplikace Car Configurator VR Hardware Za <a href=\"https:\/\/www.3d-masters.cz\/index.php\/vr-2\/\" rel=\"nofollow\"><span class=\"sr-only\">P\u0159e\u010d\u00edst si v\u00edc oVirtu\u00e1ln\u00ed realita<\/span>[&hellip;]<\/a><\/p>\n","protected":false},"author":1,"featured_media":0,"parent":0,"menu_order":0,"comment_status":"closed","ping_status":"closed","template":"template-fullwidth-no-title.php","meta":{"ngg_post_thumbnail":0},"_links":{"self":[{"href":"https:\/\/www.3d-masters.cz\/index.php\/wp-json\/wp\/v2\/pages\/71"}],"collection":[{"href":"https:\/\/www.3d-masters.cz\/index.php\/wp-json\/wp\/v2\/pages"}],"about":[{"href":"https:\/\/www.3d-masters.cz\/index.php\/wp-json\/wp\/v2\/types\/page"}],"author":[{"embeddable":true,"href":"https:\/\/www.3d-masters.cz\/index.php\/wp-json\/wp\/v2\/users\/1"}],"replies":[{"embeddable":true,"href":"https:\/\/www.3d-masters.cz\/index.php\/wp-json\/wp\/v2\/comments?post=71"}],"version-history":[{"count":15,"href":"https:\/\/www.3d-masters.cz\/index.php\/wp-json\/wp\/v2\/pages\/71\/revisions"}],"predecessor-version":[{"id":753,"href":"https:\/\/www.3d-masters.cz\/index.php\/wp-json\/wp\/v2\/pages\/71\/revisions\/753"}],"wp:attachment":[{"href":"https:\/\/www.3d-masters.cz\/index.php\/wp-json\/wp\/v2\/media?parent=71"}],"curies":[{"name":"wp","href":"https:\/\/api.w.org\/{rel}","templated":true}]}}